0 + w**4/6 - w**3/2 - 3*w**2/2 - 83196*w. Let n = -3 - -1. What is k(n)?
-5
Suppose 0 = 58*j - 73*j. Let n(s) be the second derivative of 1/6*s**3 + 1/12*s**4 + j - s**5 + 0*s**2 + 19*s. Calculate n(-1).
20
Suppose 0 = -2*n + 5*p - 10, 0 = 2*n + 366*p - 369*p + 2. Let m(a) = -a**2 + 4*a - 12. Calculate m(n).
-17
Let q be ((-12)/(-10))/(10/225). Let r = 27 - q. Suppose 13 = -u - 2*f, -4*f - 6 - 14 = r. Let x(m) = 7*m + 4. Determine x(u).
-17
Let q(n) be the third derivative of n**7/840 - n**6/720 - n**4/24 + 7*n**3/6 + 9*n**2 + 1. Let u(l) be the second derivative of q(l). Give u(2).
10
Let i(q) = -q**3 + 6*q**2 + 82*q - 63. Let p be i(-7). Let d(u) be the second derivative of p + 1/20*u**5 + u**2 - 3/4*u**4 - 17*u - 1/6*u**3. Determine d(9).
-7
Suppose -6 = 2*y + 2. Let s(x) = -14*x - 11. Let t(k) = -5*k - 4. Let z(r) = y*s(r) + 11*t(r). Let l be (-2)/4 - (-28)/(-8). Calculate z(l).
-4
Let i(p) be the third derivative of p**6/120 + p**5/12 - p**4/8 + 4*p**3/3 - 16*p**2. Suppose 0 = u + 3*b, -1027*u - b - 4 = -1026*u. What is i(u)?
-10
Let w(s) be the first derivative of -s**4/4 + s**2/2 + 11*s - 1. Let g(d) = -11*d - 154. Let a be -44 - -41 - (10 + 1). Let b be g(a). Determine w(b).
11
Let h(t) = -6*t**3 + 3*t**2 - 5*t + 13. Let x(j) = j**3 - 2*j**2 + j - 2. Let s(n) = h(n) + 5*x(n). Suppose 3*d + 38 = -2*d + 3*y, -d - 3*y = 4. Calculate s(d).
3
Let v(x) = -52*x**3. Suppose -2*p - 30*p + 54 = 22*p. Give v(p).
-52
Let w(b) = -3*b**2 + 20*b - 2. Let f(s) = 4*s**2 - 22*s + 3. Let u(m) = -4*f(m) - 5*w(m). Let g(n) be the first derivative of u(n). Calculate g(-8).
4
Let o(r) be the first derivative of r**4/4 + r**3 - 7*r**2/2 - 6*r + 1082. Determine o(-4).
6
Let r = -174 + 593. Suppose -r - 113 = -4*k. Let z(m) = 265*m - m**2 - 133*m + 2 + 1 - k*m. Calculate z(-3).
-3
Let v(h) be the second derivative of 2*h**3/3 - 84*h**2 + 3162*h. Calculate v(42).
0
Let d be (0 + (-16)/(-6))*888/(-592). Let s(a) = 6*a + 7*a**3 - 10*a**3 + 2*a**2 + 5*a**2 + 4*a**3 + 4. Determine s(d).
28
Let t(u) = u**3 - u**2 - 13*u + 9. Let z be ((-22)/77)/(50/(-700)). Give t(z).
5
Let o(k) be the second derivative of 4 + 2*k**2 - 30*k + 1/6*k**3. Determine o(-11).
-7
Let g(x) = 5*x**2 - 3*x + 9. Let h(p) be the third derivative of -7*p**5/60 + p**4/12 - 5*p**3/3 + 116*p**2. Let u(m) = -3*g(m) - 2*h(m). Calculate u(7).
-21
Let w(o) = o**2 + 13*o - 39. Suppose 30 = 5*s, -3*v - s - 5 - 34 = 0. Give w(v).
-9
Let i(o) = o - 149885 + 0*o**2 + 75082 + o**2 + 32*o + 75004. Calculate i(-8).
1
Let r(v) be the first derivative of -v**6/360 - 3*v**5/40 + v**4/24 - v**3/3 + 6*v**2 + 18. Let k(c) be the third derivative of r(c). What is k(-9)?
1
Let g(b) be the first derivative of 2*b**3/3 - 6*b - 890. Suppose 4*m = 5*w + 14, 0 = -4*w + 5*w + 5*m - 3. Determine g(w).
2
Let c(u) = -6 + 5778*u**3 + 4*u**2 + u - 11552*u**3 + 5772*u**3. Give c(2).
-4
Let z be (-24)/72 + (-4)/(-3). Let b(y) = -y - 5. What is b(z)?
-6
Let o(x) = -3*x - 35. Suppose u + s + 4 = 0, -u + 3*u = 3*s + 12. Determine o(u).
-35
Let g(l) = 26*l**2 - 6*l + 21. Let x(o) = -26*o**2 + 4*o - 23. Let f(b) = -5*g(b) - 4*x(b). Let d(j) = -4*j**2 + j - 1. Let i(m) = 6*d(m) - f(m). What is i(6)?
31
Let y be 0/((-3)/((-6)/(-4))). Let h(v) = 5*v**3 + 32*v**2 + 35*v - 19. Let x(n) = 14*n**3 + 88*n**2 + 96*n - 57. Let b(m) = 11*h(m) - 4*x(m). What is b(y)?
19
Let r = 5237 + -5253. Let b(f) = -f**2 - 15*f + 21. Give b(r).
5
Let m = 43 + -37. Suppose -m - 2 = -2*a. Let t(i) = -2*i + 7*i**2 - 4*i**2 - a*i**2 + 11 + 3*i. Determine t(0).
11
Let b(m) = -m**3 - 21*m**2 - 3*m - 47. Let q be 9 + -23 + -2 + -5. What is b(q)?
16
Suppose -2*k = 6*h - 2*h, -3 = -2*k - h. Let p(v) be the second derivative of 0 - 1/2*v**2 + 1/2*v**3 - 6*v. Give p(k).
5
Let b(o) = -7*o**2 - 5*o**2 + 0*o + 17*o**2 - 4*o**2 + 3 + 7*o. Suppose 0*y - 4*y + 13 = -n, -2*y = -2*n - 14. Give b(n).
-7
Let r be (-3 + (-22)/(-8))*(-5 - -1). Let k be 21/(-4) - r/(-8)*-6. Let v(d) = -6*d - 3. Calculate v(k).
33
Let b(u) = u**2 + 8*u - 4. Suppose 7*i + 3 = 6*i. Let l be (2 - 4)*(i + (-2)/(-4)). Suppose 0*f = 3*f - 3, -l*s = 2*f + 38. Determine b(s).
-4
Let w(t) = -11*t - 207. Let h be w(-19). Let x(i) = -27 + 0*i - i**2 - h*i + 21 + 5. Give x(-1).
0
Suppose -y = 4*h - 0*y - 9, -3*h + 5*y + 1 = 0. Suppose 0 = 4*g - a - 10, h*a = 4. Let p(v) = 4*v**2 - v**3 + 0*v**3 - 94*v - g + 102*v. What is p(5)?
12
Let k = -7528 + 7527. Let h(w) = -6*w**2 + 37*w + 37. What is h(k)?
-6
Let r(h) = 18 - 15*h - 3*h + 2*h**2 - 17*h**2 + 4*h. Let v(b) = 7*b**2 + 7*b - 9. Let f(o) = -6*r(o) - 13*v(o). Calculate f(-8).
1
Suppose -5*n - 4*w = -3263, 5*w + 25 - 10 = 0. Let v = -645 + n. Let o(j) = j**3 - 10*j**2. Calculate o(v).
0
Suppose -6173*l = -6182*l - 36. Let q(n) = n**2 + 8*n - 8. Calculate q(l).
-24
Let j(z) = z**3 + 3*z**2 - 2*z - 34. Let i(c) = 3*c**3 + 10*c**2 - 7*c - 100. Let h(o) = -2*i(o) + 7*j(o). Let b = 0 + 0. Determine h(b).
-38
Let v(j) be the third derivative of -j**5/60 - 5*j**4/24 + 7*j**3/3 - 1040*j**2. What is v(-8)?
-10
Let g(p) = p**2 - 7*p + 6. Let o be g(5). Let i(u) = 87005 - 3*u - u**2 - 43504 - 43494. Calculate i(o).
3
Let t = 13581 + -13587. Let s(p) = -3*p + 0*p - 3 + 7*p - 3. Calculate s(t).
-30
Let d(z) be the third derivative of 2*z - 1/24*z**4 + 7/2*z**3 + 0 - 28*z**2. Determine d(11).
10
Let z(u) = -u**2 + 2*u + 5. Let i be z(3). Let s(m) = -12*m. Let c(l) = 7*l. Let f(n) = 5*c(n) + 3*s(n). Calculate f(i).
-2
Let i(u) be the third derivative of -u**4/6 - 22*u**3/3 + 9*u**2 + 13*u. Give i(-10).
-4
Suppose 5*h = n - 151, 5*h + 7 + 8 = 0. Suppose 9*q - n = 7*q. Let a(v) = q - 128 + 3*v + 63. Give a(-3).
-6
Suppose 3*p = -4*x + 12, 13 = 4*x + p + 1. Suppose 19*b - 36 = 4*r + 22*b, -5*r = -x*b + 45. Let u(d) = d - 2. Give u(r).
-11
Suppose 71*m - 660 = 66*m. Suppose m - 124 = -4*p. Let y(z) = -5*z - 5. Give y(p).
5
Let i(w) = -9*w + 71*w**2 + 214*w**2 + 83*w**2 - 367*w**2 - 7. Suppose -9 - 27 = -4*j. Determine i(j).
-7
Let o(c) = -2*c**3 + 6*c**2 + 23 - 13*c**2 - 192*c + 188*c + 3*c**3. Calculate o(7).
-5
Let r(l) be the second derivative of 17*l**3 - 205*l**2/2 + 375*l - 9. Calculate r(2).
-1
Let y(m) = -m**2 - 24*m - 62. Suppose 4*i - 4*s + 68 = 0, 0 = 38*i - 39*i - 3*s - 33. Determine y(i).
1
Let f(l) be the first derivative of l**5/20 + l**4/2 - l**3/3 - 4*l**2 + 81*l + 134. Let b(j) be the first derivative of f(j). Give b(-6).
4
Let v(h) = -h**3 - 8*h**2 - 5. Let q(z) = -z**3 - 6*z**2 + 16*z + 10. Let w be q(-8). Let y(g) = g - 18. Let x be y(w). Determine v(x).
-5
Let q be (-1 + 0/(-2))*2. Let l(t) be the third derivative of -t**7/720 - t**6/720 - 43*t**5/20 + 242*t**2. Let c(w) be the third derivative of l(w). Give c(q).
13
Let f(q) = q**3 + 7*q**2 - 370*q - 53. Let s be f(-23). Let j(o) = o**2 + 7*o - 18. Calculate j(s).
-18
Let d = -3912 + 3914. Let j(i) = -6*i**3 + 2*i**2 + 3*i - 3. Calculate j(d).
-37
Let l(s) = 3*s**2 - 1. Suppose 0 = -2*u + u. Suppose -q - 1 = p, u*q + 5*p = 5*q - 25. Suppose 34 - 13 = 5*n - 4*r, n - q*r - 9 = 0. Calculate l(n).
2
Let u be (-74 + -2)/(-4 - -2). Suppose -b + i = -4*b + 14, -5*i - u = -3*b. Let a(f) = -5*f - 6*f - 4*f - 5 + 12*f. Calculate a(b).
-23
Let w(r) = 31*r**2 - 49*r - 359. Let p(q) = 11*q**2 - 16*q - 125. Let s(i) = -17*p(i) + 6*w(i). Give s(-15).
76
Let z(o) = -85 - 22*o + 2 + 34*o - 13*o. Calculate z(0).
-83
Let c(h) = -48*h**2 + 5*h - 4. Let z = -7799 - -7800. Determine c(z).
-47
Suppose 0 = -12*x + 7*x + 140. Let u be -42 + 33 + x/2. Let w(y) = y**2 + 5*y + 4. Let g(r) = -6*r**2 - 25*r - 20. Let f(v) = 2*g(v) + 11*w(v). Calculate f(u).
4
Let w = -68 - -78. Suppose 0 = w*n - 5*n - 10. Let f(d) = d + 2. What is f(n)?
4
Let o(n) = -n**3 - n**2 + 2*n + 1. Let m = 8 - 7. Let v be (m - 2)*(6 - 12). Suppose 5*u - v*u = 1. Calculate o(u).
-1
Let u(k) = 10 + 16 + 5 - 27 + 3*k. Let d(v) = v**3 + 2*v**2 + 3*v + 5. Let j be d(-4). Let n be (-6)/j - 123/39. Determine u(n).
-5
Let h(g) be the second derivative of g**6/360 + g**5/30 - 7*g**4/24 - 2*g**3/3 + g**2 + 3*g + 11. Let x(i) be the second derivative of h(i). Calculate x(-5).
-2
Let d(z) = z**2 + 7*z - 10. Suppose 5*s - 26*s = 0. Calculate d(s).
-10
Let j(q) = q + 4267 - 4271 - 12*q - 8*q**2 - q**3. Calculate j(-6).
-10
Let a(d) be the third derivative of 7*d**4/12 + 113